+ 65*t - 14. Suppose -3*p = 4*d + 2*p - 20, 5*p - 20 = 4*d. Is q(d) a composite number?
True
Let n(s) = 1696*s - 253. Is n(6) a composite number?
False
Let n(i) = 188*i**2 - 4*i + 2. Let x be n(-4). Suppose 9*j - 3*u = 4*j + x, -3030 = -5*j + 5*u. Suppose 3*w = -j + 2005. Is w a prime number?
True
Let k = -19 - -26. Let h be ((-1)/1 - k)/(-2). Suppose -4*b - 447 = -h*q + 169, -5*q = 4*b - 815. Is q a prime number?
False
Suppose -31*h = 24*h - 134695. Is h prime?
False
Suppose -3*l + 50 = 2*o, -74 = -5*l - 0*o - o. Suppose -9*n = -l*n + 10. Is (2215 + n)*(-5)/(-15) a composite number?
False
Let w(m) = 9178*m - 211. Is w(3) a prime number?
False
Suppose -g = 2*g + 24. Let b(r) = -2*r + 13*r - 2*r**3 - 1 - 20*r**2 + 17*r**2. Is b(g) composite?
False
Let o = 213 + -80. Let g = o - 15. Is ((-9)/(-18))/(1/g) a prime number?
True
Suppose 9*n - 17765 = 44182. Is n composite?
False
Let u be (-32)/112 - (-821)/7. Let t be 333/u - (-2)/13. Suppose 0 = 2*k - t*j - 431, 0 = 2*k - 0*j + 2*j - 416. Is k a composite number?
False
Let u = -380 - -206. Is ((-682)/6)/(-1) + (-232)/u a composite number?
True
Let y be (-55988)/(-12) - 10/15. Suppose -y = 2*p - 5*p. Suppose -4*f + 3266 = -2*d, 3*f + 5*d - 875 = p. Is f prime?
False
Let g = 33 + -28. Suppose 3*w - 5713 = -5*x, g*w = 5*x + 11998 - 2503. Is w composite?
False
Let p(m) = -530*m**3 - 2*m**2 - m. Suppose 9*v = 4*v - 5. Is p(v) a composite number?
True
Let r(x) be the second derivative of -x**3/6 - x**2/2 + 3*x. Let z be r(-4). Suppose -z*u = -2*u - 4. Is u prime?
False
Let t(u) = -6*u**3 - 16*u**2 + 15*u + 3. Let v(p) = -7*p**3 - 17*p**2 + 15*p + 3. Let j(g) = 6*t(g) - 5*v(g). Is j(-16) a prime number?
False
Let d(c) = -48 - 42 - 43 - 580*c + 114. Is d(-3) composite?
False
Let t = 1220 - 330. Is (0 + t)*12/24 prime?
False
Suppose -121138 + 25278 = -4*k. Is k prime?
False
Let k(j) = j**2 - j. Let h be k(3). Suppose 4 + h = s. Suppose 0 = s*b - 4*b - 1518. Is b a composite number?
True
Let m = -38 + 33. Is (11 + 5 + m)*1*223 a composite number?
True
Let c(h) = -35*h + 13. Let a be c(-7). Suppose i - 253 = a. Is i prime?
False
Suppose 10*b - 20573 = 3*b. Is b composite?
False
Is (-15)/(-45) - (-162080)/12 a composite number?
True
Let s be 0 + (0 - 2/(-2)). Let a be ((-81)/12)/(58/(-16) + 4). Let c = s - a. Is c a composite number?
False
Suppose 5*u + 10717 = 3*m, 4*m - 3*u - 14328 = -6*u. Let w = -202 + m. Is w a composite number?
True
Let r be (145/(-87))/((1/3)/(-1)). Let q(k) = 29*k + 12. Is q(r) a composite number?
False
Let l = -5720 + 267. Let f = -3244 - l. Is f a prime number?
False
Suppose -2*h + 4*s + 4 = 0, 44 = -3*h - 2*s - 2*s. Suppose 14*o - 11*o = -4*i - 2, 3*o = 2*i - 8. Let y = i - h. Is y a composite number?
True
Suppose -8*k = -5*k. Suppose -438 = -h - k*h. Suppose 3*p + 3*o = -o + 653, -2*o + h = 2*p. Is p composite?
False
Let x(n) = -n**2 + 10*n + 22579. Is x(0) prime?
False
Suppose 4*u - s = 16362, 2*u - 5*u - 4*s = -12281. Is u prime?
True
Let t(g) = 744*g**2 + 17*g - 27. Is t(12) a prime number?
False
Let c = -10239 + 16318. Is c a prime number?
True
Is -2 - (2332863/(-24) + 12/(-32)) prime?
False
Let t(y) = y + 8. Let i be t(-3). Let z(j) = 122*j - 13. Is z(i) a composite number?
True
Suppose 98283 = 4*q + 5*h, 0 = 88*q - 85*q - 3*h - 73746. Is q composite?
True
Let d(h) = h**3 + 5*h**2 - 10*h - 13. Is d(8) prime?
True
Let s = -1849 + 10890. Is s a composite number?
False
Let m be 8/28 - (38/(-14) - -3). Let j = m + 2. Is j a prime number?
True
Suppose 53280 = -11*g + 1530239. Is g a composite number?
False
Let z(d) = d**3 + 12*d**2 - 12*d - 13. Let q(y) = -4*y + 12. Let t be q(6). Is z(t) prime?
True
Let o(b) = 40*b**2 - 44*b - 15. Is o(-11) prime?
True
Let s = -1272 + 1793. Is s composite?
False
Let p(a) = a**2. Let y(g) = -2*g + 15. Let i be y(7). Let r(o) = -3*o**2 + o + 1. Let z(k) = i*r(k) + 4*p(k). Is z(2) a prime number?
True
Let t(h) be the second derivative of -h**5/20 - 17*h**4/12 - 7*h**3/2 + 3*h**2/2 + 3*h + 1. Suppose -2*a + 0*a = 32. Is t(a) a composite number?
False
Is 4/18 - ((-3305038)/18)/17 a prime number?
False
Suppose -5005 = -0*a - 2*a - t, 5*a + 2*t = 12513. Is a a composite number?
False
Suppose -26*d = -506907 - 742159. Is d composite?
True
Suppose 2*l - 11 = -3*j, -4*l - 4*j - j + 21 = 0. Suppose -5*t + l*k - 2*k = -1523, -4*k - 1216 = -4*t. Is t a prime number?
False
Let v = -11435 - -40212. Is v a composite number?
True
Is (-183429)/(-15) + 21/15 + -1 prime?
False
Let x(f) = 8*f**3 - 51*f**2 + 18*f - 27. Is x(14) prime?
False
Let w be (0 - 4) + (15 - 1). Is 5511/15 + (-4)/w prime?
True
Suppose 5*j = -3*s + 21020, -2*j = -4*j - s + 8409. Let w = 9126 - j. Is w composite?
False
Suppose 0 = 3*y + 4*l - 5, 6*l - 4*l + 14 = 4*y. Suppose 2 = -n, -y*a - 2*a + 5*n = -7025. Is a a prime number?
False
Let b = 34 - 120. Let j = 27 - 240. Let x = b - j. Is x prime?
True
Suppose 24*f = 25*f - 2983. Is f a composite number?
True
Let o(b) = -b**3 - 4*b**2 + 4*b - 3. Let f be o(-5). Suppose -6*k + 11 - 11 = 0. Suppose 0 = -f*j - k*j - 5*w + 3147, 3*w = -j + 1576. Is j composite?
True
Let r(b) = 8*b - 12*b**2 + 11*b**2 + 6 - 5 + 1. Let m be r(8). Suppose -7*n + 286 = -m*n + j, j = 4*n - 236. Is n composite?
True
Let p be ((-2229)/(-6))/(1/8). Let f = -1279 + p. Is f composite?
False
Suppose -4*w = 0, -63 - 6 = -3*f + 3*w. Is f prime?
True
Let d = 587 - 249. Let k be (5 - 2)/(6/4). Is (d - k - 3) + -2 a composite number?
False
Let n(f) = f**3 + 6*f**2 - 5. Let v be n(-7). Let h(w) = 14*w + 9. Let p be h(7). Let a = v + p. Is a a prime number?
True
Let y be 12/(-30) - 6332/(-5). Suppose y = k + 5*k. Is k composite?
False
Suppose -7493 - 93 = -2*w. Is w a composite number?
False
Suppose -5*p + 6381 = 2*u - 2704, 3634 = 2*p - 5*u. Is p composite?
True
Suppose 0 = -3*h - 98 - 31. Let b = 16 - h. Is b composite?
False
Let u = 1429 + -330. Is u prime?
False
Suppose -2*d = -5*d + 12. Suppose 0 = 3*q - g - 636, -d*q - q + g + 1058 = 0. Is q composite?
False
Let b(i) = -i**2 + 6*i - 1. Let f be b(5). Suppose 0 = m - 149 - 37. Suppose -f*j + m = -j. Is j a composite number?
True
Suppose 4*i = -i + 25. Suppose -z + f + 688 = 0, i*z - z = 2*f + 2758. Is z prime?
True
Let t = 5 - 2. Suppose -t*n + 394 = 2*r + 1931, 2*n - 2*r = -1008. Let i = -352 - n. Is i composite?
False
Let a = -7 - -8. Let d(u) = -1 - 28*u + a + 9. Is d(-5) a composite number?
False
Suppose 0 = -z - 5*t - 0 - 13, -2*t = -z + 15. Let l(s) = s**3 - 7*s**2 + s - 2. Let j be l(z). Suppose 18 = 2*g + 4*d - 8, 0 = j*g - d - 65. Is g prime?
True
Suppose 31*l - 1098 = 2281. Is l a prime number?
True
Let p be (1 - -412)*34/2. Let y = 12354 - p. Is y composite?
False
Suppose -3*g + 28945 = 4*w, 0 = 6*g - 10*g + 3*w + 38560. Is g prime?
True
Suppose 2*h + 3*h - 4*n = 28, -5*h + 2*n = -34. Let a(z) = 7*z**2 - 5*z - 6. Let c be a(h). Suppose -c = -2*g - 80. Is g a prime number?
False
Suppose -26438 = 2*b - 122304. Is b a composite number?
False
Let f = -94 - -94. Is 154/4*(f + 2) a prime number?
False
Let z(b) be the third derivative of -11*b**6/60 + b**5/60 - b**4/24 - b**3/6 + 5*b**2. Is z(-1) composite?
False
Let h(w) = 27*w**2 + 20*w - 13. Let v be h(-9). Suppose 1266 = 4*r - v. Is r prime?
False
Suppose 13 = -k + 7. Is 3 - ((-985)/3 + (-2)/k) prime?
True
Let a be (3 - 20/8)*-2. Let b = 1 + a. Suppose -5*p + 2*p + 2973 = b. Is p a composite number?
False
Suppose 2*m = -3*m + m. Let w = -8 + 13. Suppose 3*y - 359 = -4*u, w*y + m*u = -4*u + 585. Is y a composite number?
False
Suppose -2*i - 106402 = -4*d, -5*d = -4*i - 150171 + 17176. Is d composite?
True
Suppose -2*g = -3*c - 20, c = g + g - 12. Suppose 5*b = 6 + g. Suppose -5*w - 20 = 0, -b*x = x - 4*w - 109. Is x composite?
False
Suppose -9 = 4*d - 5*d. Suppose 4*f - d*f - 5 = 0, 2*r - 4*f - 1098 = 0. Is r prime?
True
Suppose 1266 = 5*l - 3*l. Suppose -o - l = -1796. Is o a prime number?
True
Suppose -8*q = -0*q - 2520. Let j = 3056 + q. Is j composite?
False
Suppose -4*w - 4*i = -1452, 5*w = -2*i + 6*i + 1860. Suppose -3*p + 1263 = -474. Let a = p - w. Is a prime?
True
Suppose -5*t + 4*z = -5838, -3*t + 5*z + 3714 - 206 = 0. Suppose -12*p + 10*p + t = 0. Is p composite?
True
Suppose 5*u - 13 = 2, k - u - 436 = 0. Let i = k - 643. Is (33/12)/((-3)/i) a composite numb